 2e9ec2 (base 15) to base 6.
120244315
What is -6015a (base 14) in base 12?
-b1670
-598316 (base 10) to base 13
-17c444
150042b (base 12) to base 7
50650364
What is -c2caa (base 15) in base 9?
-1140457
Convert -21230023023 (base 4) to base 10.
-2540235
-cbc7 (base 16) to base 2
-1100101111000111
What is -3144240 (base 8) in base 7?
-10056354
Convert 204740 (base 13) to base 6.
24044145
Convert 421680 (base 15) to base 12.
1077263
What is 36546 (base 10) in base 4?
20323002
-1146002 (base 8) to base 11
-1a5211
Convert 21141264 (base 8) to base 4.
101030022310
Convert -44408 (base 9) to base 8.
-71464
What is -5143011 (base 7) in base 9?
-1137513
89e512 (base 15) to base 2
11001000110001101001001
Convert -1a99ca (base 13) to base 5.
-133201423
-424265 (base 7) to base 16
-11f4b
-1011034153 (base 6) to base 10
-10409109
What is 12504526 (base 7) in base 16?
1176c1
Convert -12537430 (base 8) to base 9.
-5238752
-756c5 (base 14) to base 16
-4554d
What is -433602 (base 11) in base 16?
-a9270
117c3bb (base 13) to base 15
722654
Convert 231104 (base 10) to base 16.
386c0
-44433330 (base 5) to base 7
-3212363
What is 271598 (base 10) in base 12?
111212
264321235 (base 7) to base 13
36a16aa
What is 23235330 (base 6) in base 5?
141023421
-222154334 (base 6) to base 13
-ab0346
-172a0 (base 15) to base 8
-222142
221200401 (base 5) to base 11
5a5961
What is 8464272 (base 9) in base 2?
10001010010000000111001
231101110 (base 6) to base 11
2445988
What is -1004422 (base 5) in base 7?
-65224
Convert 11cb334 (base 15) to base 12.
4350871
Convert -23165346 (base 7) to base 6.
-111324410
Convert 59264 (base 10) to base 11.
40587
What is 1304022 (base 7) in base 13?
5c193
What is -1fd4a (base 16) in base 7?
-1052053
3b3c29 (base 13) to base 5
331433304
-30672582 (base 9) to base 14
-1d5da77
What is 549777 (base 12) in base 6?
44445031
-13a9d6 (base 14) to base 13
-1ab833
What is -e159b (base 16) in base 3?
-1201220011111
1aed6 (base 16) to base 10
110294
Convert -c2ea3 (base 16) to base 13.
-21c512
What is -2ff572 (base 16) in base 11?
-1857447
Convert 420221041 (base 6) to base 11.
4134153
Convert 3fd95 (base 16) to base 10.
261525
-25770 (base 11) to base 12
-193b9
What is 3ec88 (base 16) in base 2?
111110110010001000
-101001101000111101011001 (base 2) to base 11
-618611a
-1888d05 (base 15) to base 4
-1010102100023
Convert -445452 (base 9) to base 12.
-10a248
What is 12000001222 (base 3) in base 15?
1e298
What is 234417 (base 8) in base 5?
10031033
-2764752 (base 10) to base 15
-3992bc
What is 344442313 (base 5) in base 4?
11331121200
-33063404 (base 8) to base 15
-954e75
-148516 (base 15) to base 10
-990021
What is -2e74 (base 15) in base 6?
-114201
Convert b1bcce (base 15) to base 12.
29b2535
Convert 20021011211 (base 3) to base 16.
1e1c3
What is 111221222021 (base 3) in base 5?
32243223
Convert -47a836 (base 16) to base 2.
-10001111010100000110110
Convert -202101131103 (base 4) to base 8.
-42213523
Convert -153611 (base 9) to base 12.
-46861
-79dab1 (base 15) to base 4
-112030103011
Convert 1000100000110100000 (base 2) to base 7.
2241151
What is -23434723 (base 8) in base 15?
-6b3ee1
1010122002001 (base 3) to base 16
9333a
Convert -110122223321 (base 4) to base 9.
-11056732
Convert 1111100000000111100 (base 2) to base 5.
112223324
Convert -26ca2 (base 13) to base 5.
-4304324
Convert -10010101111001011111 (base 2) to base 14.
-11da7d
What is -2d780 (base 14) in base 4?
-123311010
Convert 26903a (base 13) to base 4.
3203332032
What is 3201a1 (base 11) in base 13?
14c46c
-431453 (base 7) to base 2
-10010010100000000
What is 38327 (base 9) in base 12?
12b07
What is -205443520 (base 6) in base 16?
-376248
What is 1724538 (base 12) in base 3?
22222200202022
Convert b7b4b (base 14) to base 9.
746051
1c4210 (base 14) to base 4
3312220112
Convert 1666c6a (base 13) to base 7.
115356314
What is -480b4 (base 12) in base 4?
-113222020
2722965 (base 10) to base 16
298c95
10413413 (base 6) to base 14
8218d
What is 1a52393 (base 14) in base 8?
61775615
4c4686 (base 13) to base 10
1837816
What is b9a1a (base 12) in base 11?
158178
-111001010011010100 (base 2) to base 6
-5010340
What is -19cba7 (base 16) in base 15?
-235d75
What is 317c35 (base 14) in base 3?
10011000121022
Convert -107175 (base 8) to base 10.
-36477
Convert 1221020000 (base 3) to base 13.
14436
1ad211 (base 15) to base 11
815219
What is -1b087b (base 14) in base 5?
-221241302
Convert 42408 (base 11) to base 4.
33010112
Convert 135627 (base 10) to base 5.
13320002
What is -3238798 (base 12) in base 15?
-c847d2
10212001002 (base 4) to base 13
3321c9
Convert -2340344 (base 6) to base 2.
-11101110001101000
Convert 220200021121 (base 3) to base 2.
1110110100101010111
What is -532504 (base 10) in base 9?
-1001411
What is 1223220223 (base 4) in base 10?
440875
a9b0cd (base 14) to base 16
57cded
1a654a (base 11) to base 6
10435242
544184 (base 10) to base 13
160904
-41a836 (base 14) to base 2
-1000011101101100010000
What is -76cb9 (base 15) in base 13?
-102a95
What is -38959 (base 15) in base 13?
-644bb
Convert -106117 (base 9) to base 4.
-33200200
What is -28325348 (base 9) in base 3?
-222100212101122
-563157 (base 14) to base 13
-7b6a21
Convert 512023 (base 7) to base 8.
252143
Convert 1655354 (base 7) to base 8.
705715
23471464 (base 8) to base 3
100200012112112
-8390896 (base 10) to base 7
-131215153
Convert 12350550 (base 6) to base 4.
1202131002
Convert f6bff (base 16) to base 14.
1c447d
What is 22111011012122 (base 3) in base 7?
53224034
-c02b3 (base 13) to base 10
-343216
Convert -147050 (base 12) to base 2.
-1010011111101111100
-14733437 (base 9) to base 14
-d926d2
What is -4012321224 (base 5) in base 12?
-27a6815
1111110000011111010 (base 2) to base 14
d625c
332155 (base 7) to base 10
58399
What is -119a034 (base 14) in base 4?
-200030230032
3713064 (base 9) to base 10
2016472
-84ac0c (base 13) to base 11
-1833599
Convert -562154 (base 9) to base 6.
-11112251
Convert -1044002042 (base 5) to base 9.
-4337857
Convert -3d91 (base 16) to base 14.
-5a5b
Convert -2c15304 (base 13) to base 16.
-d7e647
3a10a2 (base 15) to base 8
12505076
Convert -395500 (base 15) to base 9.
-5153620
-1002022321 (base 4) to base 10
-271033
1043155304 (base 6) to base 9
23323164
What is 122203200202 (base 4) in base 10?
6961186
-3352370 (base 11) to base 7
-100633532
-401144330 (base 5) to base 14
-2d3552
101100100101101010101 (base 2) to base 8
5445525
What is -1110001100000011 (base 2) in base 13?
-205b5
Convert -34255120 (base 6) to base 11.
-657635
1a2354 (base 12) to base 3
212101012101
What is 5ab287 (base 13) in base 7?
24262612
-11010010001101100011 (base 2) to base 16
-d2363
Convert 118c40 (base 14) to base 12.
24b6a0
451727 (base 8) to base 13
54576
What is 4421201 (base 6) in base 3?
102012121201
What is 401330332 (base 6) in base 2?
11001111010010100010000
37160 (base 9) to base 14
9121
Convert -5341 (base 7) to base 10.
-1891
What is -11011110000 (base 2) in base 4?
-123300
Convert 214544 (base 7) to base 16.
9320
Convert -132121232333 (base 4) to base 12.
-280413b
Convert -103304 (base 5) to base 15.
-10d9
101000100001001100100 (base 2) to base 9
2443250
Convert 14535065 (base 7) to base 4.
11102222003
2487a77 (base 11) to base 15
5a3810
What is -11161 (base 15) in base 4?
-31100230
What is -104312 (base 14) in base 9?
-1026568
Convert 1012021022 (base 3) to base 7.
125405
Convert -4b208 (base 13) to base 11.
-95283
-220101022102 (base 3) to base 4
-1311022211
-166611232 (base 7) to base 5
-10422000120
Convert 4558327 (base 11) to base 7.
124535620
-bee15 (base 15) to base 11
-3852a7
Convert 2843989 (base 10) to base 11.
1672805
What is 27195 (base 12) in base 10?
53825
Convert -154d34 (base 14) to base 6.
-23534002
What is -27db32 (base 16) in base 10?
-2612018
Convert 43015122 (base 6) to base 7.
13504463
Convert 228580 (base 12) to base 13.
1650a2
Convert 4e47b7 (base 15) to base 9.
7062721
What is 310132 (base 6) in base 15?
74a5
231414441 (base 5) to base 6
34221540
What is -1540c (base 15) in base 16?
-10b3c
Convert 111555331 (base 7) to base 15.
8e5e97
Convert -12135340 (base 9) to base 2.
-10110100111011000111011
686247 (base 11) to base 4
10022202001
410b0 (base 12) to base 11
58795
What is -84525 (base 13